{"id":33321,"date":"2019-06-16T22:57:24","date_gmt":"2019-06-16T22:57:24","guid":{"rendered":"https:\/\/localhost:8080\/centrodocumental\/?page_id=33321"},"modified":"2019-07-10T19:32:17","modified_gmt":"2019-07-10T19:32:17","slug":"exposicion","status":"publish","type":"page","link":"https:\/\/culturaydeporte.usfx.bo\/centrodocumental\/exposicion\/","title":{"rendered":"EXPOSICI\u00d3N"},"content":{"rendered":"<p>[et_pb_section bb_built=\u00bb1&#8243; admin_label=\u00bbHero Section\u00bb _builder_version=\u00bb3.17.2&#8243; custom_padding=\u00bb0|0px|0px|0px\u00bb custom_margin=\u00bb0px|||\u00bb background_image=\u00bbhttps:\/\/culturaydeporte.usfx.bo\/centrodocumental\/wp-content\/uploads\/2019\/07\/1-B1.jpg\u00bb background_color_gradient_start=\u00bbrgba(18,18,18,0.5)\u00bb background_color_gradient_end=\u00bb#000000&#8243;][et_pb_row width_unit=\u00bboff\u00bb custom_width_percent=\u00bb100%\u00bb custom_padding=\u00bb0px||0px|\u00bb custom_margin=\u00bb0px|||\u00bb make_equal=\u00bbon\u00bb padding_top_1=\u00bb100px\u00bb padding_bottom_1=\u00bb100px\u00bb background_color_gradient_start_1=\u00bbrgba(18,18,18,0.5)\u00bb background_color_gradient_start_2=\u00bbrgba(18,18,18,0.5)\u00bb background_color_gradient_end_1=\u00bb#121212&#8243; background_color_gradient_end_2=\u00bb#121212&#8243; background_color_gradient_overlays_image_1=\u00bbon\u00bb background_color_gradient_overlays_image_2=\u00bbon\u00bb padding_1_tablet=\u00bb60px||60px|\u00bb padding_1_last_edited=\u00bbon|desktop\u00bb padding_2_last_edited=\u00bbon|desktop\u00bb _builder_version=\u00bb3.17.2&#8243; use_custom_gutter=\u00bbon\u00bb gutter_width=\u00bb1&#8243; make_fullwidth=\u00bbon\u00bb background_color_1=\u00bbrgba(18,18,18,0.5)\u00bb][et_pb_column type=\u00bb1_2&#8243;][et_pb_text admin_label=\u00bbEXPOSICIONES TEMPORALES DE DOCUMENTOS HIST\u00d3RICOS\u00bb _builder_version=\u00bb3.17.2&#8243; text_font_size=\u00bb16px\u00bb text_line_height=\u00bb1.9em\u00bb text_orientation=\u00bbjustified\u00bb header_3_text_align=\u00bbcenter\u00bb module_class=\u00bbarriba servicio_anuncio_back\u00bb header_font_size=\u00bb24px\u00bb header_line_height=\u00bb1.8em\u00bb header_text_color=\u00bb#ffffff\u00bb text_text_color=\u00bb#ffffff\u00bb header_4_text_align=\u00bbjustify\u00bb header_4_text_color=\u00bb#ffffff\u00bb custom_margin=\u00bb0px|10px||0px\u00bb header_4_line_height=\u00bb1.8em\u00bb header_text_align=\u00bbcenter\u00bb custom_padding=\u00bb0px|||\u00bb]<\/p>\n<h1><strong>EXPOSICIONES TEMPORALES DE DOCUMENTOS HIST\u00d3RICOS<\/strong><\/h1>\n<h4><strong>EXPOSICI\u00d3N TEMPORAL 28 y 29 DE MARZO 2019<\/strong><\/h4>\n<p>\u2022 Exposici\u00f3n del Fondo \u201cUniversidad Mayor Real y San Francisco Xavier de Chuquisaca\u201d en homenaje al 395 aniversario de nuestra casa de estudios superiores.<br \/>\n\u2022 Exposici\u00f3n Fondo \u201cComit\u00e9 de auxilio y reconstrucci\u00f3n de Sucre\u201d recordando los 71 a\u00f1os del terremoto de 1948 en nuestra ciudad.<br \/>\n\u2022 Exposici\u00f3n tema \u201cGuerra del pacifico\u201d recordando el 23 de marzo de 1879 primer enfrentamiento armado entre Bolivia y Chile.<\/p>\n<h4><strong>EXPOSICI\u00d3N TEMPORAL 22 y 23 DE MAYO 2019<\/strong><\/h4>\n<p>\u2022 \u201cExposici\u00f3n Temporal de Documentos Hist\u00f3ricos sobre la Revoluci\u00f3n del 25 de mayo de 1809 y sus protagonistas\u201d, como un justo homenaje a esa hist\u00f3rica fecha que tuvo como epicentro nuestra ciudad.<\/p>\n<p>[\/et_pb_text][\/et_pb_column][et_pb_column type=\u00bb1_2&#8243;][et_pb_gallery _builder_version=\u00bb3.17.2&#8243; gallery_ids=\u00bb33422,33424,33425,33426,33427,33428,33429,33430,33431,33432,33433,33434,33435,33436,33437,33438,33439,33440,33441,33442,33443,33444&#8243; show_title_and_caption=\u00bboff\u00bb show_pagination=\u00bboff\u00bb fullwidth=\u00bbon\u00bb zoom_icon_color=\u00bb#2ea3f2&#8243; hover_overlay_color=\u00bbrgba(255,255,255,0.9)\u00bb module_alignment=\u00bbcenter\u00bb custom_margin=\u00bb|||20%\u00bb custom_margin_tablet=\u00bb|10%||10%\u00bb custom_margin_last_edited=\u00bbon|phone\u00bb auto=\u00bbon\u00bb max_width=\u00bb78%\u00bb max_width_tablet=\u00bb60%\u00bb max_width_phone=\u00bb100%\u00bb max_width_last_edited=\u00bbon|phone\u00bb box_shadow_style=\u00bbpreset1&#8243; animation_style=\u00bbslide\u00bb animation_direction=\u00bbright\u00bb animation_intensity_slide=\u00bb4%\u00bb animation_starting_opacity=\u00bb50%\u00bb box_shadow_vertical=\u00bb12px\u00bb box_shadow_spread=\u00bb-6px\u00bb custom_margin_phone=\u00bb80px|10%||10%\u00bb custom_padding=\u00bb80px|||\u00bb auto_speed=\u00bb5000&#8243; \/][\/et_pb_column][\/et_pb_row][\/et_pb_section]<\/p>\n","protected":false},"excerpt":{"rendered":"<p>EXPOSICIONES TEMPORALES DE DOCUMENTOS HIST\u00d3RICOS EXPOSICI\u00d3N TEMPORAL 28 y 29 DE MARZO 2019 \u2022 Exposici\u00f3n del Fondo \u201cUniversidad Mayor Real y San Francisco Xavier de Chuquisaca\u201d en homenaje al 395 aniversario de nuestra casa de estudios superiores. \u2022 Exposici\u00f3n Fondo \u201cComit\u00e9 de auxilio y reconstrucci\u00f3n de Sucre\u201d recordando los 71 a\u00f1os del terremoto de 1948 [&hellip;]<\/p>\n","protected":false},"author":1,"featured_media":0,"parent":0,"menu_order":0,"comment_status":"closed","ping_status":"closed","template":"","meta":{"_et_pb_use_builder":"on","_et_pb_old_content":"","_et_gb_content_width":"","footnotes":""},"class_list":["post-33321","page","type-page","status-publish","hentry"],"_links":{"self":[{"href":"https:\/\/culturaydeporte.usfx.bo\/centrodocumental\/wp-json\/wp\/v2\/pages\/33321","targetHints":{"allow":["GET"]}}],"collection":[{"href":"https:\/\/culturaydeporte.usfx.bo\/centrodocumental\/wp-json\/wp\/v2\/pages"}],"about":[{"href":"https:\/\/culturaydeporte.usfx.bo\/centrodocumental\/wp-json\/wp\/v2\/types\/page"}],"author":[{"embeddable":true,"href":"https:\/\/culturaydeporte.usfx.bo\/centrodocumental\/wp-json\/wp\/v2\/users\/1"}],"replies":[{"embeddable":true,"href":"https:\/\/culturaydeporte.usfx.bo\/centrodocumental\/wp-json\/wp\/v2\/comments?post=33321"}],"version-history":[{"count":0,"href":"https:\/\/culturaydeporte.usfx.bo\/centrodocumental\/wp-json\/wp\/v2\/pages\/33321\/revisions"}],"wp:attachment":[{"href":"https:\/\/culturaydeporte.usfx.bo\/centrodocumental\/wp-json\/wp\/v2\/media?parent=33321"}],"curies":[{"name":"wp","href":"https:\/\/api.w.org\/{rel}","templated":true}]}}